of 2107 and 49357.
7
Calculate the greatest common divisor of 174306 and 498454.
3058
What is the highest common divisor of 281294 and 174499?
403
Calculate the greatest common divisor of 13896621 and 36.
9
What is the greatest common factor of 4840568 and 3984?
8
What is the greatest common factor of 94563 and 15981?
21
Calculate the highest common divisor of 3184627 and 5032.
629
Calculate the highest common factor of 3074 and 3773388.
106
What is the greatest common divisor of 927036560 and 158?
158
Calculate the greatest common factor of 29302881 and 708.
177
What is the highest common factor of 568 and 2319685304?
568
Calculate the highest common factor of 2208 and 1688545.
23
Calculate the highest common divisor of 1889 and 8071697.
1889
Calculate the greatest common factor of 546807364 and 2531.
2531
What is the greatest common divisor of 500702 and 65096?
158
Calculate the greatest common factor of 377 and 22520615.
13
Calculate the greatest common factor of 268672274 and 152.
38
What is the greatest common factor of 3000504 and 5379?
489
Calculate the highest common divisor of 8690 and 8011390.
790
Calculate the highest common factor of 6292588 and 42884.
284
What is the highest common factor of 24650 and 3177385?
2465
What is the highest common divisor of 67626 and 176202?
234
What is the highest common divisor of 50 and 220133800?
50
Calculate the highest common factor of 50129200 and 11.
11
Calculate the greatest common factor of 719244910 and 1460.
730
What is the highest common factor of 1655015 and 168080?
955
What is the greatest common factor of 589514086 and 56?
14
Calculate the highest common factor of 1210 and 64796710.
1210
What is the greatest common divisor of 3606714 and 108?
54
What is the highest common factor of 200 and 253552700?
100
What is the greatest common factor of 2001 and 126150?
87
What is the greatest common divisor of 429 and 4178616?
39
What is the greatest common factor of 30313300 and 500?
100
Calculate the highest common divisor of 23 and 86491753.
23
What is the greatest common divisor of 134456200 and 1220?
1220
Calculate the highest common divisor of 1312703 and 5540.
277
Calculate the greatest common factor of 2092 and 43200323.
523
Calculate the highest common factor of 1400530211 and 619.
619
What is the highest common factor of 1296680 and 179767?
2947
Calculate the highest common divisor of 942650 and 12070.
170
What is the greatest common factor of 24 and 11369046?
6
What is the greatest common factor of 10672 and 9590080?
368
Calculate the highest common divisor of 189812815 and 685.
685
Calculate the highest common divisor of 636 and 73593150.
318
Calculate the highest common factor of 111 and 83481.
3
Calculate the greatest common factor of 13397325 and 75.
75
What is the highest common factor of 21067455 and 45?
15
Calculate the greatest common divisor of 990 and 5553130.
110
Calculate the greatest common factor of 34185 and 18505215.
795
Calculate the highest common divisor of 13782 and 13949681.
2297
Calculate the highest common factor of 153253916 and 1416.
236
Calculate the greatest common divisor of 8843394 and 7518.
42
What is the highest common factor of 31782512 and 99568?
2032
Calculate the highest common factor of 5 and 383274755.
5
What is the highest common factor of 12817 and 12632069?
1831
What is the greatest common factor of 48 and 1394957940?
12
What is the greatest common factor of 28482 and 703566?
606
Calculate the highest common divisor of 211794 and 13134.
66
What is the highest common factor of 13209 and 1146852?
777
What is the highest common factor of 2476 and 1040539?
619
Calculate the highest common divisor of 3504 and 28183256.
584
Calculate the greatest common divisor of 48811942 and 254.
254
What is the greatest common divisor of 15394 and 4085602?
86
What is the greatest common divisor of 38 and 144453941?
19
What is the greatest common factor of 596 and 293591239?
149
What is the highest common factor of 22503308 and 237?
79
Calculate the greatest common factor of 70600 and 4595.
5
What is the greatest common divisor of 112 and 28250908?
28
Calculate the greatest common factor of 161 and 36140153.
161
Calculate the highest common factor of 648890 and 2982650.
1870
Calculate the greatest common divisor of 38350295 and 590.
295
Calculate the highest common factor of 2811 and 1147825.
937
What is the highest common factor of 35313694 and 598?
598
What is the greatest common factor of 820 and 12279705?
205
Calculate the greatest common divisor of 63 and 297330597.
9
What is the greatest common divisor of 700663 and 228?
19
What is the greatest common factor of 121800 and 1423900?
2900
What is the highest common divisor of 108580 and 129320?
1220
Calculate the greatest common divisor of 9087567 and 133.
19
What is the highest common factor of 3589765 and 33060?
2755
What is the greatest common factor of 36 and 2120715?
9
Calculate the greatest common divisor of 24081 and 5240481.
69
Calculate the highest common divisor of 33 and 31565831.
11
Calculate the highest common factor of 1373313 and 947526.
5997
Calculate the greatest common factor of 11423040 and 2880.
960
Calculate the highest common factor of 492820880 and 64.
16
What is the highest common divisor of 248 and 7079036?
124
What is the highest common divisor of 104265 and 88484575?
1655
Calculate the greatest common divisor of 1179841 and 104.
13
What is the highest common divisor of 168826 and 18641658?
5446
Calculate the greatest common factor of 12628 and 46932536.
1148
Calculate the highest common factor of 4822426 and 802.
802
Calculate the greatest common divisor of 191432975 and 3830.
1915
Calculate the highest common divisor of 9078356 and 14952.
2492
What is the greatest common factor of 3866388 and 2193?
129
Calculate the greatest common divisor of 708504 and 1866.
6
What is the highest common divisor of 61724 and 159058?
2374
Calculate the highest common factor of 32296902 and 6852.
3426
Calculate the highest common factor of 5889 and 4837365.
39
Calculate the greatest common divisor of 46270913 and 26.
13
Calculate the highest common divisor of 70682988 and 852.
12
Calculate the greatest common factor of 2072247 and 2544.
159
Calculate the highest common divisor of 168 and 43004717.
7
What is the highest common factor of 1588293 and 5712?
357
What is the highest common divisor of 2818072 and 265144?
1048
Calculate the greatest common factor of 75 and 12061.
1
Calculate the highest common divisor of 10816827 and 168.
21
What is the greatest common factor of 81 and 2142801?
27
What is the greatest common factor of 5939046 and 180?
18
Calculate the greatest common divisor of 173600 and 41323744.
6944
What is the highest common divisor of 162 and 1077396?
6
Calculate the highest common divisor of 6081324 and 60.
12
What is the highest common factor of 118715076 and 12?
12
What is the greatest common divisor of 7 and 109310516?
7
Calculate the highest common factor of 305177 and 36656.
79
Calculate the highest common factor of 4 and 28190612.
4
Calculate the highest common divisor of 9944 and 712.
8
Calculate the highest common factor of 924416 and 30772.
628
What is the greatest common factor of 103278512 and 176?
16
Calculate the highest common factor of 1224 and 4545696.
24
What is the highest common divisor of 83076174 and 10656?
666
Calculate the greatest common divisor of 99645 and 79764545.
2555
Calculate the greatest common factor of 54 and 22140891.
27
Calculate the highest common divisor of 526828262 and 9606.
3202
What is the highest common factor of 666 and 97421?
37
Calculate the highest common factor of 14 and 3475353.
7
What is the greatest common divisor of 6227 and 87932?
13
What is the greatest common divisor of 2473196 and 7084?
44
What is the greatest common factor of 8980 and 19870?
10
What is the greatest common factor of 20487536 and 9184?
656
What is the greatest common factor of 552528 and 3767934?
7674
What is the highest common factor of 22524447 and 1546?
773
Calculate the highest common factor of 62090490 and 11550.
2310
What is the highest common factor of 1075625027 and 263?
263
Calculate the highest common factor of 26857 and 16799.
107
What is the greatest co